{"id":6496,"date":"2025-02-20T11:03:35","date_gmt":"2025-02-20T11:03:35","guid":{"rendered":"https:\/\/www.seedex.it\/prodotto\/miscelatore-per-polveri-mod-mi-10-i-a-doppio-cono-contenitori-intercambiabili\/"},"modified":"2025-09-04T07:50:36","modified_gmt":"2025-09-04T07:50:36","slug":"melangeur-pour-poudres-mod-mi-10-i-double-cone-recipients-interchangeables","status":"publish","type":"product","link":"https:\/\/www.seedex.it\/fr\/prodotto\/melangeur-pour-poudres-mod-mi-10-i-double-cone-recipients-interchangeables\/","title":{"rendered":"M\u00c9LANGEUR POUR POUDRES MOD. MI\/10\/I, DOUBLE C\u00d4NE \u2013 R\u00c9CIPIENTS INTERCHANGEABLES"},"content":{"rendered":"","protected":false},"excerpt":{"rendered":"<p><span style=\"font-weight: 400;\">Ce m\u00e9langeur est con\u00e7u pour le <\/span><b>m\u00e9lange de toute substance s\u00e8che, en poudre<\/b><span style=\"font-weight: 400;\">. Il est id\u00e9al pour la pr\u00e9paration de m\u00e9langes de diverses argiles et chamottes, pour de petites productions de carreaux destin\u00e9s aux essais de laboratoire. Il peut \u00eatre utilis\u00e9 par les <\/span><b>industries c\u00e9ramiques, chimiques, alimentaires, pharmaceutiques, ainsi que par les \u00e9coles et les instituts de recherche<\/b><span style=\"font-weight: 400;\">.<\/span><\/p>\n<p><span style=\"font-weight: 400;\">Il est \u00e9quip\u00e9 d&#8217;un <\/span><b>double c\u00f4ne en acier inoxydable AISI 304<\/b><span style=\"font-weight: 400;\">.<\/span><\/p>\n<ul>\n<li style=\"font-weight: 400;\" aria-level=\"1\"><b>Capacit\u00e9 totale :<\/b><span style=\"font-weight: 400;\"> 10\u00a0litres<\/span><\/li>\n<li style=\"font-weight: 400;\" aria-level=\"1\"><b>Capacit\u00e9 de charge maximale :<\/b><span style=\"font-weight: 400;\"> 5\u00a0litres<\/span><\/li>\n<\/ul>\n<p>&nbsp;<\/p>\n","protected":false},"featured_media":6497,"template":"","meta":{"_acf_changed":false,"_vp_format_video_url":"","_vp_image_focal_point":[]},"product_cat":[558,681],"product_tag":[],"class_list":{"0":"post-6496","1":"product","2":"type-product","3":"status-publish","4":"has-post-thumbnail","6":"product_cat-laboratorio-ceramico-e-di-controllo-fr","7":"product_cat-tamiseur-bidimensionnel","9":"first","10":"instock","11":"product-type-simple"},"acf":[],"_links":{"self":[{"href":"https:\/\/www.seedex.it\/fr\/wp-json\/wp\/v2\/product\/6496"}],"collection":[{"href":"https:\/\/www.seedex.it\/fr\/wp-json\/wp\/v2\/product"}],"about":[{"href":"https:\/\/www.seedex.it\/fr\/wp-json\/wp\/v2\/types\/product"}],"wp:featuredmedia":[{"embeddable":true,"href":"https:\/\/www.seedex.it\/fr\/wp-json\/wp\/v2\/media\/6497"}],"wp:attachment":[{"href":"https:\/\/www.seedex.it\/fr\/wp-json\/wp\/v2\/media?parent=6496"}],"wp:term":[{"taxonomy":"product_cat","embeddable":true,"href":"https:\/\/www.seedex.it\/fr\/wp-json\/wp\/v2\/product_cat?post=6496"},{"taxonomy":"product_tag","embeddable":true,"href":"https:\/\/www.seedex.it\/fr\/wp-json\/wp\/v2\/product_tag?post=6496"}],"curies":[{"name":"wp","href":"https:\/\/api.w.org\/{rel}","templated":true}]}}

MÉLANGEUR POUR POUDRES MOD. MI/10/I, DOUBLE CÔNE – RÉCIPIENTS INTERCHANGEABLES

<p><span style="font-weight: 400;">Ce mélangeur est conçu pour le </span><b>mélange de toute substance sèche, en poudre</b><span style="font-weight: 400;">. Il est idéal pour la préparation de mélanges de diverses argiles et chamottes, pour de petites productions de carreaux destinés aux essais de laboratoire. Il peut être utilisé par les </span><b>industries céramiques, chimiques, alimentaires, pharmaceutiques, ainsi que par les écoles et les instituts de recherche</b><span style="font-weight: 400;">.</span></p>
<p><span style="font-weight: 400;">Il est équipé d&#8217;un </span><b>double cône en acier inoxydable AISI 304</b><span style="font-weight: 400;">.</span></p>
<ul>
<li style="font-weight: 400;" aria-level="1"><b>Capacité totale :</b><span style="font-weight: 400;"> 10 litres</span></li>
<li style="font-weight: 400;" aria-level="1"><b>Capacité de charge maximale :</b><span style="font-weight: 400;"> 5 litres</span></li>
</ul>
<p>&nbsp;</p>
